t j(x) = -79*x + 2329. Calculate j(30).
-41
Let t(r) = 119*r + 18082. Give t(-152).
-6
Let c(h) = -h**3 - 297*h**2 - 299*h - 878. Calculate c(-296).
10
Let x(t) = -2*t**2 - 69*t + 3330. What is x(27)?
9
Let z(m) = 1932*m - 3856. Determine z(2).
8
Let u(w) = w**2 + 33*w - 139. Calculate u(4).
9
Let n(z) = 18340*z + 73337. Calculate n(-4).
-23
Let f(m) = -m**3 + 33*m**2 + 2*m + 23. Give f(33).
89
Let a(l) = 20*l + 75. Determine a(5).
175
Let r(a) = 157*a + 1842. What is r(-12)?
-42
Let x(u) = u**2 - 698*u + 1395. Calculate x(2).
3
Let k(z) = z**2 - 19*z - 96. Determine k(24).
24
Let r(t) = t**2 + 2*t - 14. Calculate r(-5).
1
Let h(r) = -39815*r - 39816. Give h(-1).
-1
Let c(w) = -5*w**3 + 24*w**2 + 73*w + 30. Determine c(7).
2
Let o(z) = -156*z - 918. Calculate o(-6).
18
Let j(d) = 3*d**3 - 36*d**2 + 72*d + 17. Give j(10).
137
Let l(n) = -n**2 - 46*n + 329. Determine l(-52).
17
Let i(y) = -3*y - 398. Determine i(-90).
-128
Let w(t) = -27*t + 460. Determine w(24).
-188
Let u(z) = 2*z**3 - 22*z**2 + 22*z - 8. Calculate u(9).
-134
Let d(n) = 5*n**2 - 129*n - 76. Determine d(0).
-76
Let m(l) = 630*l + 12580. Give m(-20).
-20
Let m(v) = 18*v + 107. Calculate m(19).
449
Let r(c) = -c**2 - 75*c - 650. Determine r(-9).
-56
Let o(g) = 4*g**2 - 5*g - 3. Give o(6).
111
Let q(d) = d**2 - 500*d - 1. Give q(0).
-1
Let y(l) = 3*l**3 + 16*l**2 - 96*l - 433. Calculate y(-5).
72
Let d(j) = 3*j**3 - 2*j**2 - 2*j - 20. Give d(-4).
-236
Let w(o) = -2*o**2 - 28*o - 5. Calculate w(-14).
-5
Let b(w) = -52*w + 3139. Give b(67).
-345
Let t(n) = n**3 - 9*n**2 - n + 18. Give t(7).
-87
Let p(t) = t**2 - 40*t - 219. What is p(44)?
-43
Let z(p) = p**3 - 24*p**2 - 177*p - 38. Determine z(30).
52
Let z(l) = 13*l - 71. Determine z(9).
46
Let q(a) = -a**3 - 3*a**2 + 12*a + 32. Determine q(-5).
22
Let h(p) = -188*p + 3. Determine h(0).
3
Let i(w) = -6429*w - 77131. Determine i(-12).
17
Let y(k) = -3*k**3 + 299*k**2 - 486*k - 397. Determine y(98).
-5
Let t(y) = 6*y + 62. Calculate t(-9).
8
Let z(q) = 649*q + 5249. Give z(-8).
57
Let w(u) = -58*u - 625. Determine w(-11).
13
Let m(d) = -2*d**3 + 39*d**2 + 29*d - 183. Give m(20).
-3
Let w(k) = 13*k + 147. Give w(-15).
-48
Let w(m) = m**3 - 150*m**2 - 164*m + 1971. Determine w(151).
8
Let j(v) = v**2 - 10*v - 102. Give j(12).
-78
Let j(q) = -2*q**2 - 25*q + 159. Give j(-17).
6
Let u(g) = g**3 - 3*g**2 - 16*g - 91. Determine u(7).
-7
Let v(t) = -t**3 - 4*t**2 + 116*t + 550. Calculate v(-5).
-5
Let s(m) = 88*m + 517. Calculate s(-8).
-187
Let n(k) = -9*k - 24. What is n(9)?
-105
Let z(o) = o**3 + 15*o**2 - 11*o - 433. Give z(-13).
48
Let s(k) = 254*k - 10913. Calculate s(43).
9
Let f(v) = v**3 + 35*v**2 + 183*v + 257. Calculate f(-29).
-4
Let g(c) = 103*c + 901. Give g(-3).
592
Let q(l) = -22*l + 192. Determine q(9).
-6
Let n(i) = -11*i**2 + 470*i + 48. Give n(43).
-81
Let d(z) = -71*z - 15. Calculate d(4).
-299
Let l(w) = -w**3 - 14*w**2 - 26*w + 14. Give l(-11).
-63
Let g(z) = 347*z + 1343. Calculate g(-4).
-45
Let d(y) = -92*y + 2302. What is d(25)?
2
Let y(m) = 853*m + 42659. Determine y(-50).
9
Let x(u) = 2*u**3 - 42*u**2 + 77*u - 19. Determine x(19).
0
Let g(a) = 6*a**3 + 59*a**2 - 70*a + 73. What is g(-11)?
-4
Let m(n) = 5*n + 306. What is m(-59)?
11
Let d(q) = -2200*q + 76997. Give d(35).
-3
Let b(f) = -f**2 + 90*f + 1458. Determine b(104).
2
Let r(f) = 209*f - 46. Determine r(0).
-46
Let m(z) = -1138*z + 40968. Calculate m(36).
0
Let h(a) = a**3 - 36*a**2 + 84*a - 47. Calculate h(34).
497
Let o(z) = z**3 + 12*z**2 - 26*z + 24. Give o(-14).
-4
Let w(z) = z**3 + 47*z**2 + 139*z + 107. Determine w(-44).
-201
Let a(y) = 7*y**2 + 25*y - 48. Calculate a(-5).
2
Let a(m) = 2*m**2 - 4*m - 243. What is a(17)?
267
Let t(u) = -25*u + 1514. Calculate t(60).
14
Let v(x) = x**2 + 480*x - 4407. What is v(9)?
-6
Let l(x) = 18*x + 1234. Determine l(-71).
-44
Let b(g) = 1045*g + 12539. Determine b(-12).
-1
Let m(s) = -14*s**2 - 114*s + 51. Determine m(-8).
67
Let t(z) = 5*z**2 + 160*z + 84. What is t(-29)?
-351
Let l(m) = 237*m + 3795. Give l(-16).
3
Let w(z) = 2*z**3 + 2*z**2 - 21*z + 33. What is w(-4)?
21
Let a(z) = -z**2 - 6*z + 18. Give a(14).
-262
Let c(d) = 3*d**3 - 20*d**2 + 58*d - 27. Determine c(2).
33
Let i(k) = k**2 - 52*k + 484. What is i(41)?
33
Let q(p) = p**2 - 35*p + 204. Calculate q(19).
-100
Let b(l) = -12*l - 182. Give b(-15).
-2
Let j(x) = 121*x + 8. Calculate j(4).
492
Let c(o) = o**2 - 179*o - 56. Determine c(0).
-56
Let b(a) = 2*a**3 - 21*a**2 + 14*a - 17. Determine b(10).
23
Let o(k) = k**3 - 9*k**2 + 54*k - 369. What is o(8)?
-1
Let u(h) = -h**2 + 161. What is u(12)?
17
Let x(f) = -2*f**2 + 137*f + 485. Calculate x(72).
-19
Let j(i) = i**3 + 63*i**2 + 351*i + 142. Give j(-57).
-371
Let l(c) = -c**2 + 68*c - 3. What is l(0)?
-3
Let t(h) = -59*h**2 - 17*h + 1. Determine t(-3).
-479
Let k(s) = -3*s**2 + s + 41. Determine k(-5).
-39
Let y(j) = j**3 + 18*j**2 + 57*j - 1. Calculate y(-14).
-15
Let g(j) = -j**2 - 41*j + 3. Calculate g(3).
-129
Let o(y) = -9*y**2 + 77*y - 7. Give o(9).
-43
Let r(q) = -q**3 + 6*q**2 - 2*q - 70. What is r(7)?
-133
Let q(a) = 4*a**2 + 16*a - 64. What is q(4)?
64
Let q(l) = 8*l**3 - l**2 + 4*l + 144. Calculate q(0).
144
Let s(o) = -o**3 - 15*o**2 + 68*o + 5. Give s(5).
-155
Let u(z) = -z**2 - 38*z + 144. Determine u(3).
21
Let l(z) = -18*z + 275. Calculate l(15).
5
Let v(r) = -2*r**2 + 172*r - 337. Determine v(84).
-1
Let y(w) = 335*w + 7193. Calculate y(-21).
158
Let q(s) = s**3 - 816*s**2 + 5661*s + 20. Give q(7).
6
Let g(r) = r**3 - 8*r**2 + 12*r - 320. Determine g(10).
0
Let h(v) = -13*v**3 + 73*v**2 + 10*v - 1. Give h(6).
-121
Let n(j) = -4*j**3 + 3*j**2 - 2*j - 1. Give n(-3).
140
Let d(h) = 141*h - 9309. What is d(66)?
-3
Let c(d) = -4070*d + 69190. Determine c(17).
0
Let t(i) = -17*i**2 + 1636*i - 378. Calculate t(96).
6
Let g(q) = 7*q**2 + 862*q + 1045. Give g(-122).
69
Let m(z) = z**3 - 4*z**2 - z + 11. Calculate m(5).
31
Let q(o) = o**2 - 29*o - 210. Calculate q(-7).
42
Let a(p) = -322*p + 21252. Determine a(66).
0
Let i(w) = -73*w - 10899. Calculate i(-151).
124
Let u(g) = 6*g**2 + 318*g - 321. What is u(-54)?
3
Let v(s) = 19*s**2 - 199*s - 1095. Calculate v(-4).
5
Let y(k) = 21792*k - 21796. Calculate y(1).
-4
Let j(k) = -12*k - 155. Determine j(-9).
-47
Let x(o) = -o**3 + 15*o**2 - 13*o + 65. Determine x(11).
406
Let w(o) = -11*o**3 + 131*o**2 + 59*o - 565. Give w(12).
-1
Let m(c) = c**2 + 7*c - 193. Determine m(10).
-23
Let l(a) = a**3 - 10*a**2 + 57*a - 578. What is l(10)?
-8
Let r(a) = -338*a + 343. Calculate r(1).
5
Let r(m) = -83*m + 33. Give r(2).
-133
Let p(z) = 25*z**2 - 6*z + 27. What is p(3)?
234
Let u(o) = -o**3 + 9*o**2 - 13*o + 6. Calculate u(6).
36
Let o(s) = -s**3 + 37*s**2 + 72*s + 194. Calculate o(39).
-40
Let s(q) = -96*q**2 - 3072*q + 2. What is s(-32)?
2
Let u(b) = -110*b - 194. Calculate u(-7).
576
Let k(b) = -b**3 - 16*b**2 + 29. Calculate k(-16).
29
Let f(z) = -z**3 - 18*z**2 - 34*z - 34. Determine f(-16).
-2
Let m(o) = -o**3 + 2*o**2 - 3854*o + 7704. Determine m(2).
-4
Let g(l) = -2*l**2 - 107*l - 228. Determine g(-52).
-72
Let d(u) = u**3 - 77*u**2 + 140*u - 4928. What is d(76)?
-64
Let s(q) = q**3 + 82*q**2 + 966*q + 64481. Determine s(-80).
1
Let v(f) = -291*f - 15815. Calculate v(-54).
-101
Let s(l) = 67*l + 2541. Calculate s(-38).
-5
Let i(d) = -3*d**3 - 3*d**2 + 3*d + 155. What is i(0)?
155
Let d(a) = a**2 + 64*a - 1006. What is d(-77)?
-5
Let r(l) = 4134*l + 24853. Determine r(-6).
49
Let z(a) = 2*a**3 - 127*a**2 - 309*a - 1382. Calculate z(66).
4
Let b(j) = 9*j**2 - 23*j + 21. Calculate b(2).
11
Let x(u) = 45*u + 119. Calculate x(-4).
-61
Let h(o) = -2*o**3 + 76*o**2 + 8*o - 270. Give h(38).
34
Let s(n) = -n**3 - 14*n**2 - 82*n - 387. Calculate s(-10).
33
Let c(m) = m**2 - 27*m + 128. Give c(9).
-34
Let y(z) = z**2 - 27*z + 40. Give y(22).
-70
Let v(s) = -s**2 - 7*s + 28. Determine v(-12).
-32
Let q(y) = y**2 + 34*y - 44. What is q(-33)?
-77
Let r(v) = 59*v + 948. What is r(-21)?
-291
Let m(u) = -49*u + 16. Give m(-4).
212
Let q(h) = 26*h - 18. Give q(-2).
-70
Let i(p) = p**3 + 8*p**2 - 4*p + 43. Give i(-9).
-2
Let v(n) = 9084*n - 127179. Give v(14).
-3
Let p(z) = 138*z**2 - 5*z - 17. Give p(-2).
545
Let j(o) = o**3 + 6*o**2 - 439*o - 48. What is j(-24